atest common divisor of 84855 and 6.
3
What is the greatest common factor of 31 and 42377?
31
Calculate the greatest common factor of 3247 and 1528.
191
Calculate the highest common factor of 35576 and 8.
8
Calculate the highest common divisor of 5925 and 885.
15
What is the greatest common divisor of 85219 and 62?
31
What is the greatest common divisor of 2666 and 8858?
86
Calculate the greatest common divisor of 2160 and 341235.
45
What is the greatest common divisor of 2800 and 294896?
112
Calculate the highest common factor of 288 and 431244.
36
Calculate the highest common factor of 14 and 232568.
14
What is the highest common divisor of 209 and 193457?
11
What is the greatest common factor of 3790822 and 406?
406
Calculate the highest common factor of 852 and 76964.
284
What is the highest common divisor of 299 and 552?
23
Calculate the highest common divisor of 3 and 20419.
1
Calculate the highest common divisor of 795800 and 2415.
115
Calculate the greatest common divisor of 105 and 338765.
35
Calculate the highest common factor of 1276 and 144.
4
Calculate the greatest common divisor of 332 and 268.
4
Calculate the greatest common factor of 821286 and 54.
54
What is the highest common factor of 8 and 45553?
1
What is the highest common divisor of 102 and 3326917?
17
Calculate the highest common divisor of 368 and 2744.
8
What is the greatest common divisor of 744 and 27869?
31
Calculate the greatest common factor of 497 and 402073.
497
Calculate the greatest common factor of 129 and 1227.
3
What is the highest common divisor of 5084 and 558?
62
What is the greatest common divisor of 416 and 436982?
26
What is the greatest common divisor of 25 and 1040?
5
Calculate the greatest common divisor of 18696 and 855096.
984
What is the greatest common factor of 261911 and 39?
13
Calculate the highest common factor of 63646 and 66.
22
What is the greatest common divisor of 4075 and 260?
5
What is the greatest common factor of 1776 and 648?
24
Calculate the highest common divisor of 308 and 35924.
28
What is the greatest common factor of 10528 and 329?
329
Calculate the highest common factor of 187483 and 94.
47
What is the highest common divisor of 57399 and 6498?
1083
What is the greatest common factor of 84 and 42252?
84
What is the highest common divisor of 19540 and 40?
20
What is the highest common divisor of 64808 and 16?
8
What is the highest common divisor of 11388 and 263238?
438
Calculate the greatest common divisor of 150425 and 825.
275
Calculate the greatest common divisor of 226659 and 48.
3
Calculate the highest common divisor of 19400 and 2200.
200
Calculate the highest common divisor of 6 and 30354.
6
What is the highest common divisor of 253 and 620103?
253
Calculate the greatest common divisor of 15333 and 1653.
57
Calculate the highest common divisor of 135445 and 412.
103
What is the highest common divisor of 17424069 and 507?
507
What is the greatest common factor of 27656 and 16?
8
What is the greatest common factor of 413526 and 24?
6
Calculate the greatest common divisor of 50 and 279025.
25
What is the highest common factor of 307996 and 208?
52
What is the highest common factor of 842 and 12209?
421
What is the greatest common factor of 9720 and 1820?
20
Calculate the greatest common divisor of 14 and 62531.
7
Calculate the greatest common factor of 212 and 352609.
53
Calculate the greatest common divisor of 29677 and 1121.
59
What is the highest common factor of 209 and 429220?
11
Calculate the greatest common factor of 6919 and 153.
17
What is the greatest common factor of 86524 and 17840?
892
Calculate the highest common divisor of 281148 and 42.
42
Calculate the greatest common factor of 10536 and 13488.
24
What is the greatest common factor of 110811 and 5461?
43
Calculate the highest common divisor of 747388 and 8381.
493
What is the highest common divisor of 543 and 125614?
181
Calculate the greatest common factor of 1309 and 28900.
17
Calculate the highest common factor of 29106 and 34776.
378
Calculate the greatest common factor of 24360 and 1176.
168
What is the greatest common factor of 847 and 1232?
77
What is the greatest common factor of 7077451 and 431?
431
Calculate the greatest common divisor of 213745 and 8680.
1085
Calculate the highest common factor of 2640 and 2840.
40
What is the greatest common divisor of 12 and 1018?
2
Calculate the greatest common factor of 28 and 6524.
28
Calculate the highest common factor of 24 and 9132.
12
Calculate the greatest common factor of 813735 and 75.
15
Calculate the highest common factor of 1364 and 11660.
44
Calculate the highest common divisor of 6 and 24642.
6
Calculate the highest common factor of 1038452 and 356.
356
Calculate the highest common divisor of 29507 and 247.
19
Calculate the greatest common divisor of 150 and 30350.
50
Calculate the greatest common factor of 266816 and 192.
64
Calculate the highest common divisor of 280028 and 28.
28
Calculate the highest common divisor of 69740 and 230.
10
Calculate the highest common divisor of 14085 and 45.
45
Calculate the greatest common divisor of 1076 and 123202.
538
Calculate the greatest common factor of 533376 and 36.
36
Calculate the highest common factor of 213480 and 200.
40
Calculate the highest common divisor of 322896 and 1984.
496
Calculate the highest common divisor of 2592 and 702.
54
Calculate the greatest common factor of 82 and 144.
2
What is the highest common factor of 517 and 5093?
11
What is the greatest common divisor of 31232 and 366?
122
Calculate the greatest common factor of 2608 and 512.
16
What is the highest common factor of 420 and 669270?
210
Calculate the highest common divisor of 39 and 10751.
13
Calculate the highest common divisor of 3 and 941406.
3
Calculate the greatest common divisor of 9 and 1257723.
9
What is the greatest common divisor of 3749 and 815?
163
Calculate the highest common divisor of 199580 and 1700.
340
What is the highest common divisor of 48678 and 2338?
14
What is the highest common factor of 6536 and 2?
2
What is the highest common factor of 9061 and 28249?
533
What is the greatest common divisor of 209308 and 28006?
1474
Calculate the greatest common divisor of 134 and 224986.
134
What is the greatest common divisor of 84 and 20940?
12
Calculate the highest common divisor of 124496 and 2356.
124
What is the greatest common factor of 17 and 24409?
1
Calculate the highest common factor of 2854755 and 9.
9
What is the highest common factor of 20558 and 11361?
541
Calculate the greatest common divisor of 211398 and 44.
22
What is the greatest common factor of 1344 and 270528?
192
Calculate the greatest common factor of 6213 and 42978.
57
What is the greatest common divisor of 490 and 2510?
10
Calculate the highest common divisor of 40845 and 120.
15
What is the greatest common factor of 1199903 and 67?
67
What is the highest common divisor of 18103 and 59782?
421
Calculate the highest common divisor of 40 and 505310.
10
What is the highest common factor of 2934429 and 4767?
681
Calculate the highest common factor of 3310 and 2870.
10
Calculate the highest common factor of 54211 and 276.
23
What is the highest common divisor of 579068 and 84?
28
Calculate the greatest common factor of 24 and 33804.
12
What is the highest common factor of 9961537 and 998?
499
Calculate the highest common factor of 1189 and 18763.
29
What is the greatest common divisor of 67633 and 188?
47
What is the greatest common factor of 30 and 15680?
10
Calculate the greatest common divisor of 28 and 3306282.
14
Calculate the highest common factor of 161 and 35.
7
What is the greatest common divisor of 134064 and 735?
147
Calculate the highest common factor of 16656 and 3936.
48
Calculate the greatest common factor of 832482 and 42.
42
What is the greatest common divisor of 85441 and 43?
43
Calculate the highest common divisor of 212 and 123596.
212
What is the greatest common divisor of 930881 and 5964?
497
What is the highest common divisor of 74938 and 178?
178
Calculate the highest common factor of 726743 and 344.
43
Calculate the greatest common divisor of 2824 and 896.
8
What is the highest common divisor of 63 and 512169?
21
Calculate the highest common divisor of 3510